rs of 315003?
3, 13, 41, 197
List the prime factors of 899653.
241, 3733
List the prime factors of 238601.
11, 109, 199
List the prime factors of 1024760.
2, 5, 11, 17, 137
What are the prime factors of 1634584?
2, 7, 17, 101
What are the prime factors of 432036?
2, 3, 11, 1091
List the prime factors of 8602767.
3, 106207
What are the prime factors of 8276996?
2, 7, 13, 22739
What are the prime factors of 115898?
2, 167, 347
List the prime factors of 774364.
2, 19, 23, 443
What are the prime factors of 168880?
2, 5, 2111
List the prime factors of 22195214.
2, 997, 11131
What are the prime factors of 1461888?
2, 3, 47
List the prime factors of 225095.
5, 13, 3463
What are the prime factors of 208651?
137, 1523
List the prime factors of 3288839.
23, 142993
What are the prime factors of 1339916?
2, 29, 11551
What are the prime factors of 8231478?
2, 3, 1371913
List the prime factors of 477632.
2, 17, 439
What are the prime factors of 2874851?
7, 43, 9551
List the prime factors of 26725.
5, 1069
List the prime factors of 2158084.
2, 43, 12547
What are the prime factors of 2813697?
3, 11579
List the prime factors of 1052391.
3, 19, 37, 499
What are the prime factors of 233706?
2, 3, 11, 3541
List the prime factors of 22256841.
3, 7418947
List the prime factors of 179634.
2, 3, 7, 13, 47
What are the prime factors of 31550869?
7, 29, 155423
List the prime factors of 15851467.
15851467
What are the prime factors of 5592408?
2, 3, 43, 5419
What are the prime factors of 16054961?
13, 229, 5393
What are the prime factors of 1914926?
2, 13, 73651
What are the prime factors of 2720517?
3, 906839
What are the prime factors of 3331095?
3, 5, 222073
What are the prime factors of 407612?
2, 181, 563
What are the prime factors of 513707?
107, 4801
What are the prime factors of 409134?
2, 3, 11, 6199
List the prime factors of 104589.
3, 11621
What are the prime factors of 1526710?
2, 5, 152671
List the prime factors of 526938.
2, 3, 31, 2833
What are the prime factors of 239833?
11, 21803
List the prime factors of 1154077.
43, 26839
What are the prime factors of 54766?
2, 139, 197
What are the prime factors of 623839?
623839
List the prime factors of 1310276.
2, 11, 97, 307
What are the prime factors of 157526?
2, 79, 997
What are the prime factors of 2524165?
5, 7, 41, 1759
List the prime factors of 534564.
2, 3, 31, 479
List the prime factors of 8487075.
3, 5, 113161
What are the prime factors of 197267?
7, 28181
List the prime factors of 17915164.
2, 149, 30059
List the prime factors of 984351.
3, 17, 19301
What are the prime factors of 368893?
7, 151, 349
What are the prime factors of 11712680?
2, 5, 7, 59, 709
List the prime factors of 7545814.
2, 3772907
What are the prime factors of 110556?
2, 3, 37, 83
What are the prime factors of 232637?
59, 3943
List the prime factors of 8854234.
2, 4427117
What are the prime factors of 2352606?
2, 3, 392101
What are the prime factors of 122050?
2, 5, 2441
List the prime factors of 151626.
2, 3, 37, 683
What are the prime factors of 762853?
7, 13, 83, 101
List the prime factors of 424713.
3, 67, 2113
List the prime factors of 5005773.
3, 397, 467
List the prime factors of 13484903.
13484903
What are the prime factors of 2958590?
2, 5, 191, 1549
What are the prime factors of 183395?
5, 43, 853
List the prime factors of 338247.
3, 7, 13, 59
What are the prime factors of 353945?
5, 29, 2441
List the prime factors of 6193627.
11, 17, 3011
What are the prime factors of 9908187?
3, 179, 18451
What are the prime factors of 32342812?
2, 2027, 3989
What are the prime factors of 1225005?
3, 5, 81667
List the prime factors of 271835.
5, 54367
What are the prime factors of 53987?
53987
What are the prime factors of 20229508?
2, 13, 389029
What are the prime factors of 731247?
3, 11, 22159
What are the prime factors of 570752?
2, 7, 13
What are the prime factors of 5135352?
2, 3, 213973
List the prime factors of 116221.
7, 16603
What are the prime factors of 911644?
2, 29, 271
What are the prime factors of 304938?
2, 3, 5647
List the prime factors of 4779237.
3, 73, 139, 157
What are the prime factors of 8856243?
3, 11, 29819
List the prime factors of 10591033.
10591033
What are the prime factors of 204142?
2, 102071
List the prime factors of 331424.
2, 10357
What are the prime factors of 5961736?
2, 11, 37, 1831
What are the prime factors of 257720?
2, 5, 17, 379
List the prime factors of 3750759.
3, 138917
List the prime factors of 657356.
2, 7, 17, 1381
What are the prime factors of 159064?
2, 59, 337
List the prime factors of 15279398.
2, 7639699
List the prime factors of 449091.
3, 16633
What are the prime factors of 19830084?
2, 3, 29, 56983
What are the prime factors of 2157350?
2, 5, 13, 3319
List the prime factors of 2252293.
1051, 2143
List the prime factors of 260982.
2, 3, 179
What are the prime factors of 981190?
2, 5, 7, 107, 131
List the prime factors of 636217.
636217
What are the prime factors of 1935933?
3, 23, 28057
List the prime factors of 12332100.
2, 3, 5, 11, 37, 101
What are the prime factors of 328474?
2, 17, 9661
List the prime factors of 465122.
2, 7, 33223
List the prime factors of 972632.
2, 121579
What are the prime factors of 715729?
7, 59, 1733
What are the prime factors of 5094541?
101, 50441
What are the prime factors of 415164?
2, 3, 29, 1193
List the prime factors of 10581256.
2, 7, 26993
List the prime factors of 181937.
7, 47, 79
What are the prime factors of 244283?
13, 19, 23, 43
List the prime factors of 150617.
150617
What are the prime factors of 1670060?
2, 5, 7, 79, 151
What are the prime factors of 3398757?
3, 1132919
What are the prime factors of 876762?
2, 3, 67, 727
What are the prime factors of 2274209?
7, 17, 29, 659
List the prime factors of 10932328.
2, 11, 124231
List the prime factors of 18320035.
5, 227, 16141
What are the prime factors of 936561?
3, 71, 4397
List the prime factors of 31753104.
2, 3, 19, 37, 941
What are the prime factors of 222635?
5, 7, 6361
What are the prime factors of 2604354?
2, 3, 277, 1567
What are the prime factors of 16657773?
3, 11, 17, 23, 1291
What are the prime factors of 371380?
2, 5, 31, 599
List the prime factors of 127665.
3, 5, 2837
List the prime factors of 8723133.
3, 107693
What are the prime factors of 8338503?
3, 2779501
What are the prime factors of 30277960?
2, 5, 61, 12409
What are the prime factors of 247351?
13, 53, 359
List the prime factors of 133720.
2, 5, 3343
What are the prime factors of 236830?
2, 5, 11, 2153
What are the prime factors of 287475?
3, 5, 3833
What are the prime factors of 21227223?
3, 7075741
List the prime factors of 14571235.
5, 7, 383, 1087
What are the prime factors of 261678?
2, 3, 43613
List the prime factors of 153520.
2, 5, 19, 101
List the prime factors of 130083.
3, 131, 331
List the prime factors of 29137381.
7, 13, 199, 1609
What are the prime factors of 11868640?
2, 5, 7, 10597
What are the prime factors of 181899?
3, 6737
List the prime factors of 379043.
7, 173, 313
What are the prime factors of 1981422?
2, 3, 151
List the prime factors of 11963218.
2, 5981609
List the prime factors of 2597212.
2, 53, 12251
What are the prime factors of 2287833?
3, 23, 71, 467
List the prime factors of 2533742.
2, 263, 4817
What are the prime factors of 51098?
2, 29, 881
List the prime factors of 27979222.
2, 101, 138511
What are the prime factors of 6298828?
2, 31, 79, 643
List the prime factors of 221442.
2, 3, 13, 17, 167
List the prime factors of 45013.
45013
What are the prime factors of 109587?
3, 36529
List the prime factors of 238294.
2, 7, 17021
List the prime factors of 693307.
223, 3109
What are the prime factors of 410195?
5, 82039
List the prime factors of 48079.
48079
List the prime factors of 4169718.
2, 3, 7, 3677
What are the prime factors of 180899?
19, 9521
What are the prime factors of 23712?
2, 3, 13, 19
List the prime factors of 296036.
2, 13, 5693
List the prime factors of 176644.
2, 13, 43, 79
List the prime factors of 7829202.
2, 3, 1304867
List the prime factors of 265427.
265427
What are the prime factors of 54150?
2, 3, 5, 19
List the prime factors of 20974055.
5, 1453, 2887
List the prime factors of 48357.
3, 199
What are the prime factors of 5486604?
2, 3, 23, 103, 193
List 